{"id":1771,"date":"2019-05-31T10:15:10","date_gmt":"2019-05-31T08:15:10","guid":{"rendered":"http:\/\/qantumthemes.com\/vice\/?page_id=1771"},"modified":"2020-07-07T23:54:06","modified_gmt":"2020-07-07T21:54:06","slug":"home-2","status":"publish","type":"page","link":"https:\/\/webradio.ac-am.fr\/","title":{"rendered":"Page d&rsquo;accueil"},"content":{"rendered":"","protected":false},"excerpt":{"rendered":"","protected":false},"author":1,"featured_media":2453,"parent":0,"menu_order":-500,"comment_status":"open","ping_status":"open","template":"page-modular.php","meta":{"footnotes":""},"class_list":["post-1771","page","type-page","status-publish","has-post-thumbnail","hentry"],"yoast_head":"<!-- This site is optimized with the Yoast SEO plugin v27.2 - https:\/\/yoast.com\/product\/yoast-seo-wordpress\/ -->\n<title>Page d&#039;accueil - ACAMwr<\/title>\n<meta name=\"description\" content=\"ACAMwr est une radio consacr\u00e9 au monde m\u00e9taphysique. Cela concerne la vie apr\u00e8s la mort, les extraterrestres, le spiritisme, l\u2019aspect spirituel, etc...\" \/>\n<meta name=\"robots\" content=\"index, follow, max-snippet:-1, max-image-preview:large, max-video-preview:-1\" \/>\n<link rel=\"canonical\" href=\"https:\/\/webradio.ac-am.fr\/\" \/>\n<meta property=\"og:locale\" content=\"fr_FR\" \/>\n<meta property=\"og:type\" content=\"article\" \/>\n<meta property=\"og:title\" content=\"Page d&#039;accueil - ACAMwr\" \/>\n<meta property=\"og:description\" content=\"ACAMwr est une radio consacr\u00e9 au monde m\u00e9taphysique. Cela concerne la vie apr\u00e8s la mort, les extraterrestres, le spiritisme, l\u2019aspect spirituel, etc...\" \/>\n<meta property=\"og:url\" content=\"https:\/\/webradio.ac-am.fr\/\" \/>\n<meta property=\"og:site_name\" content=\"ACAMwr\" \/>\n<meta property=\"article:modified_time\" content=\"2020-07-07T21:54:06+00:00\" \/>\n<meta property=\"og:image\" content=\"https:\/\/webradio.ac-am.fr\/wp-content\/uploads\/2020\/04\/logo_fb.jpg\" \/>\n\t<meta property=\"og:image:width\" content=\"250\" \/>\n\t<meta property=\"og:image:height\" content=\"250\" \/>\n\t<meta property=\"og:image:type\" content=\"image\/jpeg\" \/>\n<meta name=\"twitter:card\" content=\"summary_large_image\" \/>\n<script type=\"application\/ld+json\" class=\"yoast-schema-graph\">{\"@context\":\"https:\/\/schema.org\",\"@graph\":[{\"@type\":\"WebPage\",\"@id\":\"https:\/\/webradio.ac-am.fr\/\",\"url\":\"https:\/\/webradio.ac-am.fr\/\",\"name\":\"Page d'accueil - ACAMwr\",\"isPartOf\":{\"@id\":\"https:\/\/webradio.ac-am.fr\/#website\"},\"primaryImageOfPage\":{\"@id\":\"https:\/\/webradio.ac-am.fr\/#primaryimage\"},\"image\":{\"@id\":\"https:\/\/webradio.ac-am.fr\/#primaryimage\"},\"thumbnailUrl\":\"https:\/\/webradio.ac-am.fr\/wp-content\/uploads\/2020\/04\/logo_fb.jpg\",\"datePublished\":\"2019-05-31T08:15:10+00:00\",\"dateModified\":\"2020-07-07T21:54:06+00:00\",\"description\":\"ACAMwr est une radio consacr\u00e9 au monde m\u00e9taphysique. Cela concerne la vie apr\u00e8s la mort, les extraterrestres, le spiritisme, l\u2019aspect spirituel, etc...\",\"breadcrumb\":{\"@id\":\"https:\/\/webradio.ac-am.fr\/#breadcrumb\"},\"inLanguage\":\"fr-FR\",\"potentialAction\":[{\"@type\":\"ReadAction\",\"target\":[\"https:\/\/webradio.ac-am.fr\/\"]}]},{\"@type\":\"ImageObject\",\"inLanguage\":\"fr-FR\",\"@id\":\"https:\/\/webradio.ac-am.fr\/#primaryimage\",\"url\":\"https:\/\/webradio.ac-am.fr\/wp-content\/uploads\/2020\/04\/logo_fb.jpg\",\"contentUrl\":\"https:\/\/webradio.ac-am.fr\/wp-content\/uploads\/2020\/04\/logo_fb.jpg\",\"width\":250,\"height\":250,\"caption\":\"Logo FaceBook ACAMwr\"},{\"@type\":\"BreadcrumbList\",\"@id\":\"https:\/\/webradio.ac-am.fr\/#breadcrumb\",\"itemListElement\":[{\"@type\":\"ListItem\",\"position\":1,\"name\":\"Accueil\",\"item\":\"https:\/\/webradio.ac-am.fr\/\"},{\"@type\":\"ListItem\",\"position\":2,\"name\":\"Page d&rsquo;accueil\"}]},{\"@type\":\"WebSite\",\"@id\":\"https:\/\/webradio.ac-am.fr\/#website\",\"url\":\"https:\/\/webradio.ac-am.fr\/\",\"name\":\"ACAMwr\",\"description\":\"Webradio\",\"publisher\":{\"@id\":\"https:\/\/webradio.ac-am.fr\/#\/schema\/person\/040dc681778e9280372593043d05ac55\"},\"potentialAction\":[{\"@type\":\"SearchAction\",\"target\":{\"@type\":\"EntryPoint\",\"urlTemplate\":\"https:\/\/webradio.ac-am.fr\/?s={search_term_string}\"},\"query-input\":{\"@type\":\"PropertyValueSpecification\",\"valueRequired\":true,\"valueName\":\"search_term_string\"}}],\"inLanguage\":\"fr-FR\"},{\"@type\":[\"Person\",\"Organization\"],\"@id\":\"https:\/\/webradio.ac-am.fr\/#\/schema\/person\/040dc681778e9280372593043d05ac55\",\"name\":\"Claude ACAM\",\"image\":{\"@type\":\"ImageObject\",\"inLanguage\":\"fr-FR\",\"@id\":\"https:\/\/secure.gravatar.com\/avatar\/1fdd18c759fe3f24bdec86ace860d5560fdd7598b71f43ba8ea69b6732ad68e7?s=96&r=g\",\"url\":\"https:\/\/secure.gravatar.com\/avatar\/1fdd18c759fe3f24bdec86ace860d5560fdd7598b71f43ba8ea69b6732ad68e7?s=96&r=g\",\"contentUrl\":\"https:\/\/secure.gravatar.com\/avatar\/1fdd18c759fe3f24bdec86ace860d5560fdd7598b71f43ba8ea69b6732ad68e7?s=96&r=g\",\"caption\":\"Claude ACAM\"},\"logo\":{\"@id\":\"https:\/\/secure.gravatar.com\/avatar\/1fdd18c759fe3f24bdec86ace860d5560fdd7598b71f43ba8ea69b6732ad68e7?s=96&r=g\"}}]}<\/script>\n<!-- \/ Yoast SEO plugin. -->","yoast_head_json":{"title":"Page d'accueil - ACAMwr","description":"ACAMwr est une radio consacr\u00e9 au monde m\u00e9taphysique. Cela concerne la vie apr\u00e8s la mort, les extraterrestres, le spiritisme, l\u2019aspect spirituel, etc...","robots":{"index":"index","follow":"follow","max-snippet":"max-snippet:-1","max-image-preview":"max-image-preview:large","max-video-preview":"max-video-preview:-1"},"canonical":"https:\/\/webradio.ac-am.fr\/","og_locale":"fr_FR","og_type":"article","og_title":"Page d'accueil - ACAMwr","og_description":"ACAMwr est une radio consacr\u00e9 au monde m\u00e9taphysique. Cela concerne la vie apr\u00e8s la mort, les extraterrestres, le spiritisme, l\u2019aspect spirituel, etc...","og_url":"https:\/\/webradio.ac-am.fr\/","og_site_name":"ACAMwr","article_modified_time":"2020-07-07T21:54:06+00:00","og_image":[{"width":250,"height":250,"url":"https:\/\/webradio.ac-am.fr\/wp-content\/uploads\/2020\/04\/logo_fb.jpg","type":"image\/jpeg"}],"twitter_card":"summary_large_image","schema":{"@context":"https:\/\/schema.org","@graph":[{"@type":"WebPage","@id":"https:\/\/webradio.ac-am.fr\/","url":"https:\/\/webradio.ac-am.fr\/","name":"Page d'accueil - ACAMwr","isPartOf":{"@id":"https:\/\/webradio.ac-am.fr\/#website"},"primaryImageOfPage":{"@id":"https:\/\/webradio.ac-am.fr\/#primaryimage"},"image":{"@id":"https:\/\/webradio.ac-am.fr\/#primaryimage"},"thumbnailUrl":"https:\/\/webradio.ac-am.fr\/wp-content\/uploads\/2020\/04\/logo_fb.jpg","datePublished":"2019-05-31T08:15:10+00:00","dateModified":"2020-07-07T21:54:06+00:00","description":"ACAMwr est une radio consacr\u00e9 au monde m\u00e9taphysique. Cela concerne la vie apr\u00e8s la mort, les extraterrestres, le spiritisme, l\u2019aspect spirituel, etc...","breadcrumb":{"@id":"https:\/\/webradio.ac-am.fr\/#breadcrumb"},"inLanguage":"fr-FR","potentialAction":[{"@type":"ReadAction","target":["https:\/\/webradio.ac-am.fr\/"]}]},{"@type":"ImageObject","inLanguage":"fr-FR","@id":"https:\/\/webradio.ac-am.fr\/#primaryimage","url":"https:\/\/webradio.ac-am.fr\/wp-content\/uploads\/2020\/04\/logo_fb.jpg","contentUrl":"https:\/\/webradio.ac-am.fr\/wp-content\/uploads\/2020\/04\/logo_fb.jpg","width":250,"height":250,"caption":"Logo FaceBook ACAMwr"},{"@type":"BreadcrumbList","@id":"https:\/\/webradio.ac-am.fr\/#breadcrumb","itemListElement":[{"@type":"ListItem","position":1,"name":"Accueil","item":"https:\/\/webradio.ac-am.fr\/"},{"@type":"ListItem","position":2,"name":"Page d&rsquo;accueil"}]},{"@type":"WebSite","@id":"https:\/\/webradio.ac-am.fr\/#website","url":"https:\/\/webradio.ac-am.fr\/","name":"ACAMwr","description":"Webradio","publisher":{"@id":"https:\/\/webradio.ac-am.fr\/#\/schema\/person\/040dc681778e9280372593043d05ac55"},"potentialAction":[{"@type":"SearchAction","target":{"@type":"EntryPoint","urlTemplate":"https:\/\/webradio.ac-am.fr\/?s={search_term_string}"},"query-input":{"@type":"PropertyValueSpecification","valueRequired":true,"valueName":"search_term_string"}}],"inLanguage":"fr-FR"},{"@type":["Person","Organization"],"@id":"https:\/\/webradio.ac-am.fr\/#\/schema\/person\/040dc681778e9280372593043d05ac55","name":"Claude ACAM","image":{"@type":"ImageObject","inLanguage":"fr-FR","@id":"https:\/\/secure.gravatar.com\/avatar\/1fdd18c759fe3f24bdec86ace860d5560fdd7598b71f43ba8ea69b6732ad68e7?s=96&r=g","url":"https:\/\/secure.gravatar.com\/avatar\/1fdd18c759fe3f24bdec86ace860d5560fdd7598b71f43ba8ea69b6732ad68e7?s=96&r=g","contentUrl":"https:\/\/secure.gravatar.com\/avatar\/1fdd18c759fe3f24bdec86ace860d5560fdd7598b71f43ba8ea69b6732ad68e7?s=96&r=g","caption":"Claude ACAM"},"logo":{"@id":"https:\/\/secure.gravatar.com\/avatar\/1fdd18c759fe3f24bdec86ace860d5560fdd7598b71f43ba8ea69b6732ad68e7?s=96&r=g"}}]}},"_links":{"self":[{"href":"https:\/\/webradio.ac-am.fr\/index.php\/wp-json\/wp\/v2\/pages\/1771","targetHints":{"allow":["GET"]}}],"collection":[{"href":"https:\/\/webradio.ac-am.fr\/index.php\/wp-json\/wp\/v2\/pages"}],"about":[{"href":"https:\/\/webradio.ac-am.fr\/index.php\/wp-json\/wp\/v2\/types\/page"}],"author":[{"embeddable":true,"href":"https:\/\/webradio.ac-am.fr\/index.php\/wp-json\/wp\/v2\/users\/1"}],"replies":[{"embeddable":true,"href":"https:\/\/webradio.ac-am.fr\/index.php\/wp-json\/wp\/v2\/comments?post=1771"}],"version-history":[{"count":4,"href":"https:\/\/webradio.ac-am.fr\/index.php\/wp-json\/wp\/v2\/pages\/1771\/revisions"}],"predecessor-version":[{"id":2321,"href":"https:\/\/webradio.ac-am.fr\/index.php\/wp-json\/wp\/v2\/pages\/1771\/revisions\/2321"}],"wp:featuredmedia":[{"embeddable":true,"href":"https:\/\/webradio.ac-am.fr\/index.php\/wp-json\/wp\/v2\/media\/2453"}],"wp:attachment":[{"href":"https:\/\/webradio.ac-am.fr\/index.php\/wp-json\/wp\/v2\/media?parent=1771"}],"curies":[{"name":"wp","href":"https:\/\/api.w.org\/{rel}","templated":true}]}}